b be 0 - 3/(-3) - (-2 - 0). Suppose b*w + 143 = -4*m + 6*m, -4*w = -2*m + 140. What are the prime factors of m?
2, 19
Let t(z) = -159*z**3 - 23*z - 29. What are the prime factors of t(-6)?
131, 263
Let m(l) = -1 + 3*l**2 + 6*l**2 - 8*l**2. Let s be m(3). Suppose -3*k + 166 = 2*u, -5*k + 306 = -s*u + 4*u. What are the prime factors of k?
2, 29
Let v = -141 + 287. Suppose -3*r + 3*l = -7*r - 258, -4*r = l + 262. Let f = r + v. List the prime factors of f.
2, 5
Suppose 14 + 94 = 2*x. Let p = x + -14. List the prime factors of (-484)/(-3) - (7 + p/(-6)).
7, 23
Let w(p) = -2*p + 162. Let h be w(-7). Suppose 4*a = 2*j - h, -4*j = 3*a - 419 + 34. What are the prime factors of j?
2, 47
Let l be (-1)/(0 - (-2)/(-2)). Suppose 3*u - 4 = -l. What are the prime factors of (u*2/(-4))/((-4)/680)?
5, 17
Suppose 24*d = 31*d + 7. Let c(l) = -l**3 - l**2 + 2. Let w be c(d). What are the prime factors of w + 48 + (1 - 3)?
2, 3
Suppose 11*w - 269 = 523. Suppose -75 = w*z - 77*z. What are the prime factors of z?
3, 5
Let u(i) = -2*i**3 + 8*i + 4. Let a be u(-2). Suppose a*n + x - 1032 = 0, -2*n - 3*x + 4*x + 510 = 0. What are the prime factors of n?
257
Let z = -292 + 162. Let d = z - -312. List the prime factors of d.
2, 7, 13
Suppose 2385 = 3*a - 6*a. Let q = -564 - a. Suppose -4*f + 77 = -y + 2*y, -3*y + q = -f. What are the prime factors of y?
7, 11
Suppose 660 = 3*m - m - 5*t, -4*m + 1320 = -5*t. Let n = m - 150. List the prime factors of n.
2, 3, 5
Let k be (-4 - -1)/((-24)/(-32)). Let l be 1/((-3)/k)*36/24. Suppose 37 = l*o - 93. List the prime factors of o.
5, 13
Let t(c) = -223*c - 57. Let f be t(-21). Suppose i - f = -17*i. What are the prime factors of i?
257
Let f be (4*-406 - 3) + (2 - -1). What are the prime factors of -5*3/(-15) - f?
5, 13
Let y(p) = 2845*p + 998. List the prime factors of y(17).
49363
List the prime factors of 7 + 15/(-2)*1381436/(-1030).
2, 7, 719
Suppose 0 = -8*u + 4*u + 48. Suppose u - 8 = 2*n. Let r(x) = 16*x**3 - 4*x**2 + 3*x - 2. What are the prime factors of r(n)?
2, 29
Let g = 4294 + -673. What are the prime factors of g?
3, 17, 71
Suppose 0 = -a - 0*o + 2*o - 51, -2*o = -5*a - 239. Let p = 63 - a. Suppose 4*g = 2*u - 76, -p - 15 = -4*u - g. What are the prime factors of u?
2
Suppose 2*f + 3*k - 21 = 0, -5*f - 6 = -4*k - 1. Suppose z + 265 = f*o - 1890, -3605 = -5*o + 5*z. What are the prime factors of o?
3, 239
Suppose 0 = 2*r - 6 - 12. Suppose r*z - 3 = -21. Let p(j) = -16*j - 5. List the prime factors of p(z).
3
Let d = 5568 + -3356. Let g = d - 1116. What are the prime factors of g?
2, 137
Let g be (3492/(-24))/((-3)/4). Suppose 191*v + 207 = g*v. List the prime factors of v.
3, 23
Let r(g) be the first derivative of 9*g**2/2 - 41*g + 2. Let p = -668 - -688. What are the prime factors of r(p)?
139
Suppose 15*c - 184743 = -66978. What are the prime factors of c?
3, 2617
Suppose 67*a = -5*a + 316728. What are the prime factors of a?
53, 83
Let z = -36 + 46. Suppose -z*k + 132 = k. Let o(w) = w**2 - 2*w + 15. List the prime factors of o(k).
3, 5
Suppose 5*h = 4*b - 40, -h + 2 = -b + 11. Suppose 0*a = 2*a - 3*g + 18, b*a + 4*g = -45. Let y = 19 + a. List the prime factors of y.
2, 5
Let w(c) be the first derivative of 2*c**3/3 - 15*c**2/2 + 20*c - 1. Let r(d) = 5*d**2 - 3*d. Let i be r(2). List the prime factors of w(i).
2, 101
Suppose g + 125118 = 34*k - 32*k, -5*g = -5*k + 312790. List the prime factors of k.
2, 5, 17, 23
Suppose -10*b + 7129 = -4581. Suppose -23*m + 19*m - b = -i, 0 = -5*m - 20. List the prime factors of i.
3, 5, 7, 11
Let c(p) = -p**3 - 3*p**2 - 9*p - 13. Let m be c(-5). Let g = m - 56. What are the prime factors of 5/(g/(-20) + (-21)/(-14))?
5
Suppose -12 + 3 = 3*t. Let o(i) = -i - 1. Let r be o(t). Suppose -r*y = -59 + 29. List the prime factors of y.
3, 5
Let p(z) = -52*z - 130. Let q(y) = 11*y + 26. Let j(l) = -3*p(l) - 14*q(l). What are the prime factors of j(-12)?
2
Suppose -29*v + 30*v = -692. Let m = v - -1485. What are the prime factors of m?
13, 61
Suppose -2189*v + 2186*v + 73332 = 0. List the prime factors of v.
2, 3, 7, 97
Let i = 646 + -622. List the prime factors of (-9)/((-81)/i)*102.
2, 17
Suppose 0 = -2*j - 3*d - 3 + 30, 2*j - 2 = 2*d. Let p(g) = -g**2 + 7*g. Let x be p(j). What are the prime factors of 595/10 - 9/x?
2, 29
Suppose -3*b + 8*b + 115 = 0. Let h be (90/7)/(5 + 469/(-98)). Let d = h - b. What are the prime factors of d?
83
Let n = -652 + 706. Suppose 0 = -0*i + n*i - 103626. List the prime factors of i.
19, 101
Suppose -4*d = -7819 - 389. Suppose -24*o = -33*o + d. What are the prime factors of o?
2, 3, 19
Suppose -3*u = 3*x - 2166, -5 = -17*u + 12*u. Suppose 25*w - 2604 - x = 0. List the prime factors of w.
7, 19
Let v = -12105 + 20844. What are the prime factors of v?
3, 971
Suppose -319*b - 74*b - 217*b = -13285190. List the prime factors of b.
29, 751
What are the prime factors of (-10608)/(-168)*8/((-48)/(-42))?
2, 13, 17
Let t(v) = v**3 - 3*v**2 - 10*v - 4. Let x be t(-4). Let j = 78 + x. Suppose j*b + 2*b = -8, 4*b = n - 96. What are the prime factors of n?
2, 11
Let o = -2742 + 7589. What are the prime factors of o?
37, 131
Suppose -7*u + 5*u = 2*h - 8, 3*h + 9 = 0. Suppose -u*i + 7935 = 16*i. List the prime factors of i.
3, 5, 23
Suppose -3*z + 11 = -5*y, -2*y = 3*z - y - 5. Suppose -3*n = -z*n + 4*a - 3, a + 1 = -2*n. Let x(w) = 144*w**2 + 2*w + 1. What are the prime factors of x(n)?
11, 13
Suppose -92*r + 68649 = -181*r + 96*r. What are the prime factors of r?
3, 7, 467
List the prime factors of 4/28*(123 + 5876).
857
Suppose 6*m - 5829 - 6273 = 0. List the prime factors of m.
2017
Let t(j) = 52*j**3 - 2*j**2 + 4*j + 16. What are the prime factors of t(4)?
2, 13
Suppose -2*t = -g - 1050, -2*t - 4*g + 682 = -368. Let p = t + -285. List the prime factors of p.
2, 3, 5
Let w(m) be the first derivative of 11*m**3/3 - 2*m**2 + 21*m + 14. List the prime factors of w(6).
3, 131
Suppose 2*i + 5*q - 20 = 0, -4*i + 28 = q + 3*q. Suppose 332 = -i*x + 1427. What are the prime factors of x?
3, 73
Let q = -1581 - -2765. List the prime factors of q.
2, 37
Let r be 4 + 0/(-6) + -10. Let q(p) = -p**3 - p**2 + 3*p + 2. List the prime factors of q(r).
2, 41
Let d(t) = -417*t - 3352. List the prime factors of d(-43).
61, 239
Let v(z) = 4943*z - 1748. What are the prime factors of v(16)?
2, 3, 5, 1289
Let c = 9131 - 5164. List the prime factors of c.
3967
Let z(u) = -81*u**2 - 712 + 18*u + 87*u**2 + 692. What are the prime factors of z(5)?
2, 5, 11
Let v(s) = -3*s + 2. Let j be v(0). Suppose j*c - 2427 = 275. List the prime factors of c.
7, 193
Let o(n) = -n**2 - 149*n + 56. What are the prime factors of o(-62)?
2, 5, 109
Let k(u) = -2*u**3 - 129*u**2 - 78*u - 87. List the prime factors of k(-68).
5, 7517
Let f be 3/((-7)/434*-6). Let n = 90 - f. What are the prime factors of n?
59
Let n = 128 - 120. Suppose 9*v - n*v = 2. Let p(w) = 53*w + 21. What are the prime factors of p(v)?
127
Let o be ((-700)/(-16) - -1)*8/1. Let i = o - 53. Suppose i = 3*r - 4*h, -5*r + 0*r = 4*h - 455. List the prime factors of r.
5, 19
Let n(b) = -12*b**3 - 11*b**2 - 7*b + 21. What are the prime factors of n(-7)?
7, 521
Let f = 13403 - 7755. What are the prime factors of f?
2, 353
Suppose 849*t = 836*t + 133741 + 78926. What are the prime factors of t?
3, 7, 19, 41
Let y be 44/418 + 161817/57. Let l = y + -1235. What are the prime factors of l?
2, 401
Let n = -1271 + 1423. List the prime factors of n.
2, 19
Let n be 12*(12/(-4))/(-6). Let p(v) = 8*v - 4 - v**3 - v**2 + 2*v**2 - n*v**2. What are the prime factors of p(-7)?
2, 19
Let b(c) = c + 41. Let y be b(6). Suppose 3*g - 3*d - 4 = 8*g, -4*g = -5*d - 19. Suppose m - y = g. List the prime factors of m.
2, 3
Suppose -5*r + 25 = 0, 7*r - 44 = -3*p + 3*r. Suppose p*k = 1711 - 15. What are the prime factors of k?
2, 53
Suppose 3*w + 16 + 5 = 5*m, 4*m = -w + 10. Suppose m*h = -9 + 12. List the prime factors of (h - -7)*(-210)/(-12).
2, 5, 7
Let v(f) = f**2 - 4*f - 21. Let w be v(7). Suppose 4*d = -3*r + 1790, 5*d + w*r - 2228 = r. What are the prime factors of d?
2, 223
Let d(a) = a**3 + 17*a**2 - 38*a + 37. Let y be d(-19). Suppose y*j - 27039 + 880 = 0. List the prime factors of j.
7, 101
Let a(b) = -209*b + 1904. List the prime factors of a(5).
859
Let